 16?
47a
-47b (base 15) to base 8
-1770
Convert -536 (base 8) to base 15.
-185
-22011 (base 3) to base 9
-264
300 (base 13) to base 10
507
Convert 22310 (base 4) to base 6.
3112
3a4 (base 13) to base 6
2545
-2c71 (base 13) to base 14
-2534
6469 (base 12) to base 15
3400
11288 (base 10) to base 7
44624
2152 (base 8) to base 5
14010
What is 9635 (base 10) in base 11?
726a
Convert 8d1a (base 15) to base 2.
111010011111110
-6765 (base 16) to base 4
-12131211
Convert -76a (base 12) to base 9.
-1441
Convert -622 (base 13) to base 9.
-1377
-11022100 (base 3) to base 2
-110001000101
What is -131 (base 14) in base 9?
-285
What is -6e (base 16) in base 8?
-156
Convert 111a (base 16) to base 14.
184a
Convert ac36 (base 13) to base 7.
130045
Convert -435 (base 7) to base 10.
-222
What is 114422 (base 5) in base 15?
145c
What is -3134300 (base 5) in base 7?
-305626
What is 4960 (base 11) in base 13?
2c45
7058 (base 9) to base 11
3968
-101333 (base 5) to base 6
-23251
-198d (base 14) to base 3
-20100121
What is -34534 (base 9) in base 6?
-254351
Convert 11381 (base 9) to base 10.
7606
Convert 15ab (base 12) to base 5.
40304
28e1 (base 16) to base 9
15317
10000010000100 (base 2) to base 7
33161
a79 (base 12) to base 6
11033
Convert -1000111011 (base 2) to base 10.
-571
What is -113051 (base 6) in base 3?
-111101011
-11241 (base 9) to base 8
-16501
What is 6557 (base 9) in base 6?
34211
Convert 1011 (base 4) to base 13.
54
Convert -2134201 (base 5) to base 11.
-25716
-29ab (base 13) to base 9
-8268
-71214 (base 9) to base 14
-130d1
-36042 (base 12) to base 2
-10001101110110010
What is a21 (base 15) in base 14?
b8d
What is -2203 (base 7) in base 4?
-30103
What is bcc0 (base 14) in base 9?
48767
Convert 3ad (base 15) to base 2.
1101000110
Convert 5923 (base 10) to base 16.
1723
What is -143 (base 12) in base 10?
-195
1d66 (base 16) to base 10
7526
Convert 12a38 (base 15) to base 12.
2a652
Convert 10211100 (base 3) to base 12.
1746
What is 6496 (base 12) in base 4?
2230302
1122112102 (base 3) to base 15
9945
100100111001010 (base 2) to base 9
27818
Convert -226166 (base 7) to base 13.
-1560b
Convert 3759 (base 11) to base 7.
20204
What is -1222320 (base 4) in base 8?
-15270
14346 (base 8) to base 7
24404
-6829 (base 10) to base 11
-5149
What is 312 (base 13) in base 11?
435
-3542 (base 13) to base 16
-1d42
What is 232045 (base 6) in base 14?
7377
Convert 3b28 (base 16) to base 10.
15144
-10000100100111011 (base 2) to base 5
-4133044
Convert -3213223 (base 4) to base 10.
-14827
Convert -1e38 (base 15) to base 2.
-1100110110010
Convert -1001120200 (base 3) to base 9.
-31520
Convert -2002111220 (base 3) to base 7.
-231054
What is -3631 (base 10) in base 14?
-1475
Convert 1bc (base 13) to base 8.
504
Convert -2054 (base 8) to base 4.
-100230
Convert -10202222 (base 3) to base 8.
-5301
-1210112121 (base 3) to base 4
-20220322
What is db (base 16) in base 7?
432
1440 (base 7) to base 8
1067
Convert -22200 (base 3) to base 7.
-453
What is -13273 (base 10) in base 8?
-31731
2200220 (base 3) to base 7
5511
What is 402604 (base 7) in base 6?
1243444
What is 2d09 (base 16) in base 9?
16730
Convert -70334 (base 8) to base 10.
-28892
1b2aa (base 12) to base 16
9ce2
What is -26212 (base 9) in base 8?
-42405
9668 (base 12) to base 3
211121222
What is 1422 (base 7) in base 15?
270
11100101 (base 2) to base 8
345
ad7c (base 15) to base 12
19360
Convert -21111 (base 4) to base 11.
-4a3
-124 (base 8) to base 13
-66
What is -10113 (base 4) in base 6?
-1143
-11010001011 (base 2) to base 6
-11431
110101110110 (base 2) to base 14
1382
3c1 (base 13) to base 3
220121
Convert -6071 (base 12) to base 11.
-7943
What is 27633 (base 9) in base 2?
100100100110101
What is 5727 (base 8) in base 10?
3031
What is 10100012 (base 3) in base 12?
14ab
What is -765 (base 11) in base 2?
-1110010110
Convert 1254 (base 7) to base 8.
740
Convert 2010 (base 3) to base 14.
41
-1763 (base 10) to base 15
-7c8
What is -11001001111110 (base 2) in base 3?
-122201202
14b45 (base 12) to base 11
20003
-1a64 (base 15) to base 5
-140334
Convert 5174 (base 8) to base 12.
1678
What is -298 (base 16) in base 8?
-1230
-1512 (base 9) to base 15
-515
What is -2212012 (base 3) in base 9?
-2765
What is -b596 (base 12) in base 14?
-7334
Convert -2a35 (base 16) to base 6.
-122005
What is -12220 (base 3) in base 2?
-10011111
-33 (base 5) to base 7
-24
What is -581 (base 14) in base 5?
-13333
10010101100 (base 2) to base 5
14241
10130023 (base 4) to base 10
18187
22121012 (base 3) to base 12
3765
Convert -202020100 (base 3) to base 11.
-100a0
Convert -203013 (base 4) to base 13.
-103b
Convert -456 (base 8) to base 2.
-100101110
What is 4431 (base 12) in base 5?
220100
24010 (base 6) to base 16
d86
What is 2555 (base 9) in base 7?
5402
What is -77f (base 16) in base 8?
-3577
What is -4135 (base 11) in base 9?
-7462
Convert 17207 (base 8) to base 11.
5965
What is 1d2 (base 15) in base 10?
422
2661 (base 10) to base 16
a65
Convert -12122 (base 15) to base 14.
-17008
54340 (base 6) to base 3
101020220
What is -c10 (base 14) in base 9?
-3218
12354 (base 6) to base 14
978
-3992 (base 12) to base 14
-258a
What is b3a (base 13) in base 6?
12500
Convert 1344 (base 7) to base 6.
2230
-3524 (base 11) to base 7
-16324
Convert -100001000110010 (base 2) to base 11.
-11806
Convert 23a22 (base 13) to base 3.
10022202101
What is -125556 (base 7) in base 13?
-a992
104300 (base 5) to base 11
2864
848 (base 12) to base 2
10010111000
What is 203 (base 8) in base 5?
1011
-1535 (base 8) to base 11
-713
-23338 (base 12) to base 16
-b81c
Convert 120132 (base 4) to base 6.
11130
-1bc8 (base 15) to base 3
-22021122
What is 12014 (base 5) in base 2?
1101110100
What is 1b61 (base 12) in base 14?
133b
35155 (base 7) to base 3
110100121
Convert 30a2 (base 13) to base 5.
203343
Convert 1121010 (base 3) to base 8.
2214
31304 (base 5) to base 3
2212000
Convert 1ac3 (base 13) to base 16.
fce
5070 (base 8) to base 4
220320
Convert -11198 (base 13) to base 12.
-15b78
21200 (base 3) to base 2
11001111
-100110110 (base 2) to base 15
-15a
What is a8 (base 13) in base 8?
212
-564 (base 16) to base 14
-708
What is -135 (base 11) in base 3?
-12220
Convert 2084 (base 11) to base 9.
3700
-20010102 (base 3) to base 6
-32402
What is b29c (base 16) in base 7?
250210
Convert 647 (base 15) to base 9.
1844
Convert 45272 (base 9) to base 5.
1430431
36a2 (base 11) to base 2
1001011011111
-31101 (base 4) to base 12
-5a9
What is -3b8a (base 14) in base 6?
-120354
What is -31144 (base 6) in base 2?
-1000001001000
3811 (base 9) to base 3
10220101
Convert -2533 (base 7) to base 13.
-586
-36c (base 13) to base 5
-4342
What is 40450 (base 8) in base 5?
1013210
-214 (base 8) to base 10
-140
-1adf (base 16) to base 10
-6879
-10110222 (base 3) to base 2
-100111101001
What is 9b4 (base 13) in base 8?
3204
What is -7147 (base 12) in base 8?
-30007
What is -2b8 (base 14) in base 15?
-26e
Convert -23310 (base 5) to base 2.
-11010101001
Convert -36048 (base 9) to base 16.
-5e25
What is 1072 (base 11) in base 16?
582
Convert 6737 (base 12) to base 9.
16587
What is 616 (base 8) in base 15?
1b8
What is 260 (base 13) in base 11?
349
230464 (base 7) to base 14
10d6b
Convert 968 (base 10) to base 6.
4252
What is 236 (base 14) in base 6?
2012
Convert 1776 (base 8) to base 5.
13042
-1130120 (base 4) to base 3
-22002222
What is 45a6 (base 11) in base 10?
6045
What is -4027 (base 11) in base 12?
-3121
What is -4ca (base 15) in base 4?
-101002
What is 1b41 (base 14) in base 7?
20311
Convert -2002122 (base 3) to base 12.
-a75
64ac (base 14) to base 12
a0a0
What is -6642 (base 9) in base 7?
-20165
Convert 124 (base 10) to base 14.
8c
What is -5476 (base 12) in base 3?
-110202200
Convert 250110 (base 6) to base 10.
22074
What is -13533 (base 7) in base 12?
-2183
5242 (base 10) to base 16
147a
Convert 37065 (base 8) to base 5.
1002200
Convert a8bc (base 15) to base 8.
105617
What is -17c (base 15) in base 7?
-666
-2b (base 16) to base 12
-37
What is -34133 (base 6) in base 13?
-225c
-101000111111100 (base 2) to base 3
-1001210100
Convert 3326 (base 13) to base 8.
15732
Convert 251 (base 9) to base 7.
415
Convert 1216 (base 16) to base 15.
158a
What is 360165 (base 7) in base 16?
fd9b
Convert c0 (base 15) 